 1 - (4 + -4)).
-2
What is (8 - -2) + (6 - 12)?
4
What is -1 - (-2 - 2) - 2 - 2?
-1
What is the value of 0 - (1 - 0) - (-45 + 51)?
-7
Calculate 2 + 0 + -2 + -17 + 14.
-3
What is -10 + (-1 - -2 - -8)?
-1
-2 + 15 - (10 - 5)
8
What is the value of 11 + 0 - (30 - 27)?
8
What is the value of (-4 - (-14 - -6)) + -13?
-9
-5 + 12 - (4 + -3)
6
1 - (10 + (3 - 7))
-5
Evaluate 0 - -7 - (-5 - (-5 + -16)).
-9
(6 - 10) + (3 - (0 - 2))
1
5 + -4 + -3 + 7 + -2
3
Evaluate 0 - 10 - (0 - 6).
-4
Evaluate 0 + (-4 + (1 - 4) - -4).
-3
What is the value of 4 + -1 + 9 + -5 + -4?
3
What is 5 - ((8 - -1) + (-8 - -3))?
1
What is the value of 0 - (-1 - (1 + 2 + 0))?
4
Calculate -3 + (1 - (-5 - 2)).
5
What is (-2 - (8 - 6) - 1) + 5?
0
Calculate (-6 - -8) + (-3 - 1).
-2
What is the value of (-63 - -68) + (-1 - 5)?
-1
Calculate 2 + (-1 - (-3 + 6)) + 5.
3
0 - -1 - (90 + -82)
-7
Evaluate (6 + -11 + -1 - -4) + 3.
1
Calculate 0 - (7 - 2 - 4 - -3).
-4
What is the value of 1 - (8 + -3) - 2?
-6
What is the value of -7 + 0 + -3 - -15?
5
(9 - 1) + -3 - 6
-1
Evaluate -1 - 2 - (10 - 12).
-1
What is the value of 4 + 1 - 7 - -8?
6
(3 - (4 + -1)) + -4
-4
-6 + (-2 - -2) - (0 - 6)
0
-1 - -1 - ((8 - -3) + -6)
-5
Calculate -6 + 3 + 1 - (-24 + 21).
1
(-3 - -9) + (0 - 1 - 0)
5
What is 6 - (7 - 2 - (-11 - -3))?
-7
Calculate 15 + -11 + 6 + -4.
6
-2 - -5 - (9 + (-1 - 1))
-4
Evaluate (3 - -2) + -5 + -2 + 3.
1
What is -10 + 6 - (-3 - 1)?
0
Evaluate 0 + (2 - -1) - 3 - -3.
3
-25 + 27 + (-1 - -2)
3
What is the value of 5 + -5 - (-2 + 3 + 3)?
-4
(1 - 2) + 3 + (1 - 2)
1
Calculate -2 - (2 + (-6 - -3)).
-1
Calculate 3 + 9 - (-25 - -29).
8
What is the value of 8 + -4 + (-1 - 1 - -7)?
9
What is the value of -1 + -2 + -1 + 4?
0
12 - (33 + -2 + -10)
-9
Evaluate -3 + -1 + 4 - (1 - 5).
4
Calculate -3 - (4 + -15 + 0).
8
Calculate -4 - 6 - 1 - -6.
-5
Evaluate (-2 - -6) + (1 - 0) + -5.
0
Evaluate -4 + -14 + 14 + -4 + 0.
-8
What is the value of 8 + 1 + 4 + -5 + -3?
5
(-6 - -7) + -5 - 1
-5
What is 9 - 23 - -1 - -10?
-3
What is the value of -7 - (7 + (-23 - -7))?
2
What is the value of 3 + -1 + 3 + (-2 - 3)?
0
What is 10 - (8 + -7 - (-1 - 3))?
5
What is the value of (4 - (1 - 0)) + (6 - 4)?
5
-21 + 20 - (-1 + 1)
-1
Calculate 1 + (9 - 11) - 3.
-4
Evaluate 4 + 0 + 7 + 4 + -10.
5
What is the value of 6 + -2 + 3 + -7 + 5?
5
Calculate 18 + -13 + (0 - 1).
4
What is 4 + 0 + 8 + -16?
-4
Evaluate (1 - 4) + -12 + 10.
-5
(27 - 23) + 1 + -1
4
What is the value of -49 - -44 - (-7 + -1)?
3
What is the value of (5 - (17 + -6)) + 11?
5
What is the value of -4 - (-9 - (-6 - 1))?
-2
Calculate 25 + -21 - (1 - (0 - 1)).
2
Calculate -10 + 10 + -8 + 16.
8
Evaluate -9 - (-18 + 8 + 9).
-8
Evaluate (-22 - -29) + (-8 - -2).
1
What is (0 - (1 + -2)) + (-48 - -41)?
-6
What is 1 + 9 - (12 + (22 - 27))?
3
Calculate (3 - 7 - -1) + 1 + -2.
-4
Calculate 8 + 6 + -10 - 2.
2
Calculate -2 - ((-6 - -5) + 7).
-8
Evaluate 8 - 7 - (4 + -2 + -1).
0
Calculate -6 + 4 - (1 + -2).
-1
What is the value of -2 + (-2 - 3) + 3 + -1?
-5
15 - 20 - (2 - 10)
3
Calculate 0 + -1 + 1 + 3.
3
What is (-1 - -1) + 0 + 4 + -8?
-4
What is the value of 6 + -6 + 2 - (-1 - -3)?
0
What is 1 + (3 - 1) + 27 + -30?
0
What is the value of 2 + 2 + 1 + 3 + -3?
5
Calculate -1 + -2 - (58 + -53).
-8
What is -7 + (11 - -3) - (-5 + 10)?
2
Evaluate 3 + 9 + -3 - 15.
-6
Calculate (2 - (-3 - -2)) + -1 - 1.
1
What is 8 + (-4 - -8 - (6 - -1))?
5
Calculate (-4 - (-6 + 2)) + 7.
7
Evaluate -6 - -15 - 3 - -1.
7
What is 0 + (0 - 1) - 5?
-6
Evaluate -15 - (1 + 2 + -11).
-7
1 - (-5 - -17 - 5)
-6
-5 + (2 - (0 + -2)) + -5
-6
Evaluate -12 - -13 - (2 - 4).
3
Evaluate 11 - (12 + -7) - 5.
1
191 + -188 + 0 + -12
-9
3 - 2 - (14 - (1 - -5))
-7
What is (2 - ((5 - 1) + -3)) + 5?
6
-4 - 0 - (3 - -4 - 9)
-2
1 + 7 + -20 + 18
6
5 - (-1 - -11) - -7
2
What is 21 + -11 + -8 + -5?
-3
4 - -1 - (-2 + 19 + -14)
2
What is -7 - (-15 + -8 - 2 - -8)?
10
What is the value of 1 + 1 + -19 + 12 - -11?
6
What is (11 + 1 - 8) + 1?
5
Calculate -5 + (0 + 0 + 4 - -1).
0
What is -1 - (1 + 1) - (-37 + 35)?
-1
What is 7 + 0 + 2 + -4 + 2?
7
Calculate 10 + (-17 - -11) + 4.
8
(-11 + 2 - -8) + 1 + -2
-2
13 + (-1 + 10 - 15)
7
What is the value of 10 - 7 - (2 + -1 - 3)?
5
What is the value of 5 + -1 + -4 + (1 - 0)?
1
-3 + 0 + (-11 - -3 - -8)
-3
What is the value of (0 - (2 + 2)) + (7 - 8)?
-5
What is 3 + -4 + 1 + -1 + -3?
-4
What is (1 - 9 - -3) + 1?
-4
What is (1 - (-2 + (-3 - -5))) + -5?
-4
What is 3 + -1 - (6 - 2)?
-2
-3 + -10 + 3 + 3 + 1
-6
What is (0 - -2) + -9 - (0 + -5)?
-2
Evaluate -13 - (-4 + (-2 - -2) + -2).
-7
Calculate 2 + (-1 - -1) + (17 - 19).
0
-2 + -5 + 6 - (-11 - -8)
2
3 - (8 - (15 - 15))
-5
Evaluate 0 + -1 - (2 - (-1 + -1)).
-5
2 - (-1 + 3) - 2
-2
What is the value of 7 + -4 - 1 - (-1 - 2)?
5
-5 + 6 + -3 - -4 - -3
5
0 + -9 + 5 + 0
-4
Calculate -72 + 74 + (-1 - -2) + -4.
-1
What is 3 - 2 - 1 - (1 + -2)?
1
What is 2 + -4 + -7 + 24 + -6?
9
(0 - -4) + -2 - 8
-6
-1 + 2 - (4 + -1) - -7
5
Calculate 3 + -12 + (2 - (-6 + 5)).
-6
Evaluate 9 + -6 + 1 + -2 + 2.
4
2 - (5 + (2 - 5))
0
(2 - 2) + (4 - 2) + -4
-2
Evaluate -2 + -5 + 0 + 2 - -3.
-2
Calculate (-2 - (-4 + 2)) + (-3 - 6).
-9
Calculate 1 - 2 - ((1 - 8) + 3).
3
What is 1 + -3 + 0 + (5 - 6)?
-3
(1 - -3) + (2 + 0 - 1)
5
Calculate -9 + 10 - (8 + -2).
-5
Evaluate (4 - -1 - 8) + 10 + 0.
7
What is 2 + -1 - (7 - 1)?
-5
(6 - 1) + (2 + -5 - 0)
2
Calculate 7 - ((43 - 43) + (6 - 0)).
1
Evaluate 9 + -1 + -9 + 0.
-1
Evaluate 74 + -63 - (4 + 1).
6
6 + -1 + -6 + -4
-5
Evaluate -1 + 3 - -3 - (-19 - -18).
6
Evaluate (7 + -3 - 0) + -9.
-5
Evaluate 3 + -3 - (-4 - -4).
0
What is the value of -7 + 2 + 10 - 2?
3
What is 11 - (-3 + 5 + 9)?
0
Calculate 0 + 5 - (2 + -4 + 8).
-1
What is the value of -6 + 4 + 0 - (-3 + 1)?
0
What is (-1 - (-2 - -8)) + 17?
10
Evaluate (6 - -1) + (42 - 45).
4
What is the value of (3 - 1) + -2 + 23 + -18?
5
What is 5 - (-4 - (-11 + 5 - 2))?
1
4 + 2 + (-25 - (-3 + -12))
-4
What is (-21 - -24) + -2 + 2 + -1?
2
Evaluate -4 + 10 + 10 + -20.
-4
What is (11 - (6 - (4 - 1))) + 0?
8
What is -1 + 7 - 6 - 0?
0
What is -3 - -4 - -6 - 9?
-2
Evaluate 5 + 0 - (19 - 21).
7
-1 - (-2 + -5 + 7)
-1
-101 - -93 - (0 - (7 + 0))
-1
What is the value of -4 - (-2 - 6) - (-2 + 1)?
5
What is the value of 8 - (6 + 5 + -5 - 4)?
6
4 + -7 - (-4 + 4)
-3
Evaluate -3 + 3 + -1 + (4 - 1).
2
What is the value of (-2 - -2) + 4 + 27 + -25?
6
What is the value of -5 + 1 + (-10 - -11) - -2?
-1
What is -9 - (12 + -24) - (4 + 2)?
-3
Calculate (18 - (-18 - -29)) + -7 + 0.
0
What is -22 + 23 - (-3 + 2 - 1)?
3
What is -9 + 3 - (-16 + 3)?
7
Calculate 5 + (-8 - -4 - -3).
4
What is 1 - -1 - (13 - -14 - 20)?
-5
What is the value of 9 + 3 + -14 + -4 + 11?
5
What is the value of -128 - -131 - (-2 + 0 - 0)?
5
Evaluate -7 + 0 + (10 - 0).
3
Evaluate -4 + -4 + 20 - 7.
5
(16 - 19) + (0 - (-2 + 1))
-2
Evaluate -5 + -5 + 15 - (-3 - -2).
6
Calculate -4 - (-7 + 14 - 16).
5
What is the value of 1 - (-3 - -2 - (1 + -5))?
-2
0 + (2 - 2) - 5
-5
Calculate 4 + 0 + 4 + -5 + 3.
6
What is the value of (-2 - 0) + 2 + -1 - 1?
-2
Calculate 8 - (0 - (-16 - -8)).
0
Calculate 3 - 3 - (4 - (2 - -1)).
-1
Evaluate (3 - (-9 + 8)) + 3.
7
What is the value of 1 + 3 + -32 + 24 - 3?
-7
Evaluate (3 - 0) + (5 - 13).
-5
Evaluate -2 + (0 - -3) + (0 - 2).
-1
What is -8 - (1 + (-2 - 2)) - -4?
-1
Evaluate 4 + (1 - 0) + -2 + -6.
-3
Evaluate 6 + -7 + -1 + 3.
1
What is the value of 3 + 0 - (1 - -5) - -1?
-2
2 - (1 - (4 - 4 - 2))
-1
-13 + 14 - (2 + 0)
-1
(-4 + -3 - -2) + 2
-3
Evaluate 2 + (-6 - (-4 - -2)) + 0.
-2
What is 0 + 2 - (1 - (0 + 0))?
1
What is the value of 8 + (5 + -7 - (6 + -3))?
3
What is the value of 2 - (2 + 3) - (-3 - 1)?
1
What is -11 + 2 + -2 + 15 + -10?
-6
What is the value of 3 + (4 + 0 - (-4 - -11))?
0
What is -1 - -3 - (5 - 6)?
3
What is the value of 0 + 3 + 7 + -16?
-6
Evaluate -4 - (7 + -2 + -6).
-3
What is the value of 2 - (2 - -6) - -4?
-2
Calculate -1 + -7 - (178 - 189).
3
Evaluate -12 + 12 - (-3 + -1).
4
Calculate 1 - -2 - 4 - (0 - -1).
-2
-10 - -11 - (7 - 2)
-4
What is 2 + 1 + -9 + 4 + 5?
3
(25 - 18 - 10) + (0 - -4)
1
Calculate 4 + (1 + -3 - 2).
0
0 + -1 - ((-38 - -10) + 21)
6
What is 2 + 4 + -2 + 2 + -1?
5
What is (2 - (3 + -3)) + 1?
3
-25 + 25 - (-5 + 1) - -2
6
What is the value of (5 - (2 - -5)) + (0 - -4)?
2
21 + -3 + -1 - 13
4
What is -7 + (0 -